 is divided by 26?
23
Calculate the remainder when 1360 is divided by 11.
7
Calculate the remainder when 693 is divided by 65.
43
Calculate the remainder when 152 is divided by 56.
40
What is the remainder when 708 is divided by 10?
8
Calculate the remainder when 7871 is divided by 10.
1
Calculate the remainder when 84 is divided by 29.
26
Calculate the remainder when 750 is divided by 42.
36
Calculate the remainder when 215 is divided by 44.
39
Calculate the remainder when 111 is divided by 19.
16
What is the remainder when 486 is divided by 70?
66
Calculate the remainder when 1313 is divided by 653.
7
What is the remainder when 727 is divided by 41?
30
Calculate the remainder when 393 is divided by 3.
0
What is the remainder when 1901 is divided by 17?
14
Calculate the remainder when 364 is divided by 93.
85
What is the remainder when 104 is divided by 25?
4
What is the remainder when 155 is divided by 47?
14
What is the remainder when 1822 is divided by 166?
162
What is the remainder when 71 is divided by 3?
2
Calculate the remainder when 1420 is divided by 31.
25
Calculate the remainder when 201 is divided by 41.
37
Calculate the remainder when 1711 is divided by 91.
73
Calculate the remainder when 28 is divided by 10.
8
Calculate the remainder when 80 is divided by 31.
18
Calculate the remainder when 14297 is divided by 55.
52
Calculate the remainder when 897 is divided by 22.
17
Calculate the remainder when 1859 is divided by 186.
185
Calculate the remainder when 57 is divided by 7.
1
Calculate the remainder when 1285 is divided by 25.
10
Calculate the remainder when 7954 is divided by 46.
42
Calculate the remainder when 55 is divided by 13.
3
What is the remainder when 623 is divided by 54?
29
Calculate the remainder when 1020 is divided by 93.
90
Calculate the remainder when 523 is divided by 35.
33
Calculate the remainder when 803 is divided by 26.
23
Calculate the remainder when 49 is divided by 11.
5
Calculate the remainder when 2706 is divided by 53.
3
What is the remainder when 474 is divided by 67?
5
Calculate the remainder when 391 is divided by 131.
129
Calculate the remainder when 1506 is divided by 26.
24
Calculate the remainder when 80 is divided by 12.
8
Calculate the remainder when 47 is divided by 11.
3
Calculate the remainder when 256 is divided by 37.
34
Calculate the remainder when 811 is divided by 34.
29
Calculate the remainder when 4062 is divided by 18.
12
Calculate the remainder when 72 is divided by 20.
12
What is the remainder when 112 is divided by 24?
16
Calculate the remainder when 3064 is divided by 13.
9
What is the remainder when 434 is divided by 95?
54
What is the remainder when 344 is divided by 19?
2
Calculate the remainder when 74 is divided by 32.
10
Calculate the remainder when 126 is divided by 35.
21
What is the remainder when 124 is divided by 26?
20
What is the remainder when 1178 is divided by 301?
275
What is the remainder when 1099 is divided by 50?
49
What is the remainder when 225 is divided by 58?
51
Calculate the remainder when 2663 is divided by 29.
24
What is the remainder when 278 is divided by 47?
43
Calculate the remainder when 342 is divided by 170.
2
What is the remainder when 147 is divided by 52?
43
Calculate the remainder when 220 is divided by 84.
52
Calculate the remainder when 284 is divided by 72.
68
Calculate the remainder when 82 is divided by 21.
19
What is the remainder when 225 is divided by 24?
9
What is the remainder when 1152 is divided by 68?
64
What is the remainder when 1216 is divided by 11?
6
What is the remainder when 727 is divided by 7?
6
What is the remainder when 401 is divided by 46?
33
What is the remainder when 895 is divided by 23?
21
What is the remainder when 2913 is divided by 88?
9
What is the remainder when 211 is divided by 69?
4
What is the remainder when 188 is divided by 7?
6
What is the remainder when 140 is divided by 21?
14
Calculate the remainder when 891 is divided by 435.
21
Calculate the remainder when 8689 is divided by 9.
4
Calculate the remainder when 23 is divided by 18.
5
Calculate the remainder when 203 is divided by 29.
0
Calculate the remainder when 199 is divided by 42.
31
What is the remainder when 569 is divided by 38?
37
What is the remainder when 4551 is divided by 66?
63
What is the remainder when 3299 is divided by 75?
74
Calculate the remainder when 1137 is divided by 547.
43
Calculate the remainder when 124 is divided by 14.
12
Calculate the remainder when 1579 is divided by 26.
19
Calculate the remainder when 556 is divided by 33.
28
What is the remainder when 3032 is divided by 138?
134
What is the remainder when 353 is divided by 111?
20
What is the remainder when 3596 is divided by 8?
4
Calculate the remainder when 356 is divided by 60.
56
Calculate the remainder when 1642 is divided by 16.
10
What is the remainder when 258 is divided by 8?
2
What is the remainder when 3300 is divided by 26?
24
Calculate the remainder when 747 is divided by 240.
27
What is the remainder when 687 is divided by 10?
7
What is the remainder when 982 is divided by 488?
6
Calculate the remainder when 2470 is divided by 806.
52
What is the remainder when 48 is divided by 10?
8
Calculate the remainder when 972 is divided by 320.
12
What is the remainder when 1746 is divided by 24?
18
What is the remainder when 1066 is divided by 349?
19
What is the remainder when 206 is divided by 42?
38
Calculate the remainder when 73 is divided by 29.
15
Calculate the remainder when 1852 is divided by 921.
10
What is the remainder when 893 is divided by 129?
119
Calculate the remainder when 84 is divided by 22.
18
What is the remainder when 677 is divided by 136?
133
Calculate the remainder when 246 is divided by 91.
64
Calculate the remainder when 7057 is divided by 57.
46
Calculate the remainder when 3438 is divided by 1146.
0
Calculate the remainder when 20578 is divided by 14.
12
Calculate the remainder when 6423 is divided by 19.
1
Calculate the remainder when 755 is divided by 10.
5
Calculate the remainder when 745 is divided by 54.
43
What is the remainder when 159 is divided by 9?
6
Calculate the remainder when 697 is divided by 10.
7
Calculate the remainder when 1679 is divided by 30.
29
What is the remainder when 82 is divided by 12?
10
What is the remainder when 209 is divided by 53?
50
Calculate the remainder when 20129 is divided by 165.
164
What is the remainder when 287 is divided by 59?
51
Calculate the remainder when 4252 is divided by 28.
24
Calculate the remainder when 228 is divided by 30.
18
What is the remainder when 85 is divided by 31?
23
Calculate the remainder when 678 is divided by 324.
30
What is the remainder when 2215 is divided by 8?
7
What is the remainder when 71 is divided by 6?
5
What is the remainder when 862 is divided by 18?
16
Calculate the remainder when 396 is divided by 80.
76
Calculate the remainder when 573 is divided by 24.
21
Calculate the remainder when 316 is divided by 3.
1
What is the remainder when 1518 is divided by 304?
302
Calculate the remainder when 1663 is divided by 445.
328
Calculate the remainder when 428 is divided by 43.
41
Calculate the remainder when 1806 is divided by 365.
346
Calculate the remainder when 558 is divided by 261.
36
Calculate the remainder when 940 is divided by 16.
12
What is the remainder when 688 is divided by 338?
12
What is the remainder when 241 is divided by 32?
17
What is the remainder when 459 is divided by 147?
18
Calculate the remainder when 200 is divided by 149.
51
Calculate the remainder when 102 is divided by 72.
30
What is the remainder when 1705 is divided by 23?
3
What is the remainder when 2783 is divided by 460?
23
Calculate the remainder when 4834 is divided by 82.
78
What is the remainder when 1468 is divided by 252?
208
Calculate the remainder when 212 is divided by 111.
101
What is the remainder when 196 is divided by 43?
24
What is the remainder when 148 is divided by 46?
10
Calculate the remainder when 140 is divided by 11.
8
Calculate the remainder when 162 is divided by 32.
2
Calculate the remainder when 786 is divided by 155.
11
What is the remainder when 4360 is divided by 57?
28
Calculate the remainder when 170 is divided by 9.
8
Calculate th